{"id":2156,"date":"2023-01-13T10:54:26","date_gmt":"2023-01-13T03:54:26","guid":{"rendered":"https:\/\/noithathomer.com\/?post_type=product&#038;p=2156"},"modified":"2023-01-13T10:54:27","modified_gmt":"2023-01-13T03:54:27","slug":"chinh-hang-faster-am-dun-nuoc-3l","status":"publish","type":"product","link":"https:\/\/noithathomer.gleeze.com\/?product=chinh-hang-faster-am-dun-nuoc-3l","title":{"rendered":"[ CH\u00cdNH H\u00c3NG ] FASTER &#8211; \u1ea4M \u0110UN N\u01af\u1edaC 3L"},"content":{"rendered":"<p>CAM K\u1ebeT CH\u00cdNH H\u00c3NG 100%<br \/>\nCh\u1ea5t li\u1ec7u: Inox 304, s\u01a1n t\u0129nh \u0111i\u1ec7n,<br \/>\nv\u00e2n \u0111\u00e1, ch\u1ecbu nhi\u1ec7t<\/p>\n<p><img decoding=\"async\" loading=\"lazy\" class=\"alignnone size-full wp-image-2157\" src=\"https:\/\/noithathomer.gleeze.com\/wp-content\/uploads\/863fd438f98c94ad71b06ac45fbe6c7d_tn-10.jpg\" alt=\"\" width=\"320\" height=\"320\" srcset=\"https:\/\/noithathomer.gleeze.com\/wp-content\/uploads\/863fd438f98c94ad71b06ac45fbe6c7d_tn-10.jpg 320w, https:\/\/noithathomer.gleeze.com\/wp-content\/uploads\/863fd438f98c94ad71b06ac45fbe6c7d_tn-10-300x300.jpg 300w, https:\/\/noithathomer.gleeze.com\/wp-content\/uploads\/863fd438f98c94ad71b06ac45fbe6c7d_tn-10-100x100.jpg 100w\" sizes=\"(max-width: 320px) 100vw, 320px\" \/><br \/>\n&#8212;&#8212;&#8212;&#8212;&#8212;&#8212;&#8212;&#8212;-<br \/>\nHotline: 0869.287.259<br \/>\n\u0110\u1ecba ch\u1ec9: An B\u00ecnh City, 232 Ph\u1ea1m V\u0103n \u0110\u1ed3ng, Q.B\u1eafc T\u1eeb Li\u00eam, H\u00e0 N\u1ed9i<\/p>\n","protected":false},"excerpt":{"rendered":"<p>CAM K\u1ebeT CH\u00cdNH H\u00c3NG 100% Ch\u1ea5t li\u1ec7u: Inox 304, s\u01a1n t\u0129nh \u0111i\u1ec7n, v\u00e2n \u0111\u00e1, ch\u1ecbu nhi\u1ec7t &#8212;&#8212;&#8212;&#8212;&#8212;&#8212;&#8212;&#8212;- Hotline: 0869.287.259 \u0110\u1ecba ch\u1ec9: An B\u00ecnh City, 232 Ph\u1ea1m V\u0103n \u0110\u1ed3ng, Q.B\u1eafc T\u1eeb Li\u00eam, H\u00e0 N\u1ed9i<\/p>\n","protected":false},"featured_media":2157,"comment_status":"open","ping_status":"closed","template":"","meta":[],"product_cat":[77,67],"product_tag":[],"_links":{"self":[{"href":"https:\/\/noithathomer.gleeze.com\/index.php?rest_route=\/wp\/v2\/product\/2156"}],"collection":[{"href":"https:\/\/noithathomer.gleeze.com\/index.php?rest_route=\/wp\/v2\/product"}],"about":[{"href":"https:\/\/noithathomer.gleeze.com\/index.php?rest_route=\/wp\/v2\/types\/product"}],"replies":[{"embeddable":true,"href":"https:\/\/noithathomer.gleeze.com\/index.php?rest_route=%2Fwp%2Fv2%2Fcomments&post=2156"}],"wp:featuredmedia":[{"embeddable":true,"href":"https:\/\/noithathomer.gleeze.com\/index.php?rest_route=\/wp\/v2\/media\/2157"}],"wp:attachment":[{"href":"https:\/\/noithathomer.gleeze.com\/index.php?rest_route=%2Fwp%2Fv2%2Fmedia&parent=2156"}],"wp:term":[{"taxonomy":"product_cat","embeddable":true,"href":"https:\/\/noithathomer.gleeze.com\/index.php?rest_route=%2Fwp%2Fv2%2Fproduct_cat&post=2156"},{"taxonomy":"product_tag","embeddable":true,"href":"https:\/\/noithathomer.gleeze.com\/index.php?rest_route=%2Fwp%2Fv2%2Fproduct_tag&post=2156"}],"curies":[{"name":"wp","href":"https:\/\/api.w.org\/{rel}","templated":true}]}}