{"id":2142,"date":"2023-01-12T11:32:16","date_gmt":"2023-01-12T04:32:16","guid":{"rendered":"https:\/\/noithathomer.com\/?post_type=product&#038;p=2142"},"modified":"2023-01-12T11:32:17","modified_gmt":"2023-01-12T04:32:17","slug":"chinh-hang-hut-mui-treo-doc-lap-faster-bis90t","status":"publish","type":"product","link":"https:\/\/noithathomer.gleeze.com\/?product=chinh-hang-hut-mui-treo-doc-lap-faster-bis90t","title":{"rendered":"[CH\u00cdNH H\u00c3NG] H\u00fat m\u00f9i treo \u0111\u1ed9c l\u1eadp FASTER BIS90T"},"content":{"rendered":"<div>FASTER \u0111\u01b0\u1ee3c bi\u1ebft \u0111\u1ebfn l\u00e0 th\u01b0\u01a1ng hi\u1ec7u thi\u1ebft b\u1ecb nh\u00e0 b\u1ebfp \u0111\u1ed3ng b\u1ed9 s\u1ed1 1 Vi\u1ec7t Nam v\u1edbi \u0111a d\u1ea1ng c\u00e1c Thi\u1ebft b\u1ecb nh\u00e0 b\u1ebfp cao c\u1ea5p, sang tr\u1ecdng v\u00e0 th\u00f4ng minh. C\u00f3 m\u1eb7t t\u1ea1i th\u1ecb tr\u01b0\u1eddng Vi\u1ec7t Nam t\u1eeb n\u0103m 2007, \u0111\u1ebfn nay, th\u01b0\u01a1ng hi\u1ec7u Faster \u0111\u00e3 nhanh ch\u00f3ng tr\u1edf th\u00e0nh m\u1ed9t trong nh\u1eefng s\u1ef1 l\u1ef1a ch\u1ecdn tin c\u1eady v\u1edbi ng\u01b0\u1eddi ti\u00eau d\u00f9ng Vi\u1ec7t, l\u00e0 s\u1ef1 k\u1ebft h\u1ee3p ho\u00e0n h\u1ea3o gi\u1eefa ch\u1ea5t l\u01b0\u1ee3ng, ki\u1ec3u d\u00e1ng \u0111\u1eb3ng c\u1ea5p trong t\u1eebng s\u1ea3n ph\u1ea9m, phong c\u00e1ch th\u1eddi th\u01b0\u1ee3ng, gi\u00e1 th\u00e0nh h\u1ee3p l\u00fd v\u00e0 ch\u1ebf \u0111\u1ed9 h\u1eadu m\u00e3i tuy\u1ec7t v\u1eddi cho kh\u00e1ch h\u00e0ng.<\/div>\n<div><img decoding=\"async\" loading=\"lazy\" class=\"alignnone size-full wp-image-2143\" src=\"https:\/\/noithathomer.gleeze.com\/wp-content\/uploads\/863fd438f98c94ad71b06ac45fbe6c7d_tn-6.jpg\" alt=\"\" width=\"320\" height=\"320\" srcset=\"https:\/\/noithathomer.gleeze.com\/wp-content\/uploads\/863fd438f98c94ad71b06ac45fbe6c7d_tn-6.jpg 320w, https:\/\/noithathomer.gleeze.com\/wp-content\/uploads\/863fd438f98c94ad71b06ac45fbe6c7d_tn-6-300x300.jpg 300w, https:\/\/noithathomer.gleeze.com\/wp-content\/uploads\/863fd438f98c94ad71b06ac45fbe6c7d_tn-6-100x100.jpg 100w\" sizes=\"(max-width: 320px) 100vw, 320px\" \/> <img decoding=\"async\" loading=\"lazy\" class=\"alignnone size-medium wp-image-2144\" src=\"https:\/\/noithathomer.gleeze.com\/wp-content\/uploads\/0a86a4873e5974b8684785a42edc9ef5_tn.jpg\" alt=\"\" width=\"320\" height=\"320\" srcset=\"https:\/\/noithathomer.gleeze.com\/wp-content\/uploads\/0a86a4873e5974b8684785a42edc9ef5_tn.jpg 320w, https:\/\/noithathomer.gleeze.com\/wp-content\/uploads\/0a86a4873e5974b8684785a42edc9ef5_tn-300x300.jpg 300w, https:\/\/noithathomer.gleeze.com\/wp-content\/uploads\/0a86a4873e5974b8684785a42edc9ef5_tn-100x100.jpg 100w\" sizes=\"(max-width: 320px) 100vw, 320px\" \/><\/div>\n<div>M\u00e1y h\u00fat m\u00f9i Faster BIS90T treo \u0111\u1ed9c l\u1eadp (\u0110\u1ea3o) thi\u1ebft k\u1ebf h\u00fat \u0111\u1ea9y kh\u1eed m\u00f9i b\u1eb1n than ho\u1ea1t t\u00ednh, ki\u1ec3u d\u00e1ng sang tr\u1ecdng hi\u1ec7n \u0111\u1ea1i, H\u00fat m\u00f9i BIS90T s\u1eed d\u1ee5ng<\/div>\n<div><\/div>\n<div>&#8211; Ph\u00e2n lo\u1ea1i: M\u00e1y h\u00fat kh\u00f3i treo \u0111\u1ed9c l\u1eadp<\/div>\n<div>&#8211; \u0110i\u1ec1u khi\u1ec3n: c\u1ea3m \u1ee9ng 2 m\u1eb7t<\/div>\n<div>&#8211; 9 t\u1ed1c \u0111\u1ed9 si\u00eau \u00eam<\/div>\n<div>&#8211; Kh\u1eed m\u00f9i b\u1eb1ng than ho\u1ea1t t\u00ednh<\/div>\n<div>&#8211; L\u01b0\u1edbi l\u1ecdc inox d\u1ea1ng thanh 5 l\u1edbp<\/div>\n<div>&#8211; Ch\u1ea5t li\u1ec7u: inox-k\u00ednh<\/div>\n<div>&#8211; C\u00f4ng su\u1ea5t: 230W<\/div>\n<div>&#8211; K\u00edch th\u01b0\u1edbc: 900mm<\/div>\n<div>&#8211; \u0110\u01b0\u1eddng k\u00ednh \u1ed1ng tho\u00e1t: 150mm<\/div>\n<div>&#8211; K\u00edch th\u01b0\u1edbc 900x600x850mm.<\/div>\n<div><\/div>\n<div>&#8212;&#8212;&#8212;&#8212;&#8212;&#8212;&#8212;&#8212;&#8212;&#8212;&#8212;&#8212;&#8212;&#8211;<\/div>\n<div>Hotline: 0869.287.259<\/div>\n<div>\u0110\u1ecba ch\u1ec9: An B\u00ecnh City, 232 Ph\u1ea1m V\u0103n \u0110\u1ed3ng, Q.B\u1eafc T\u1eeb Li\u00eam, H\u00e0 N\u1ed9i<\/div>\n","protected":false},"excerpt":{"rendered":"<p>FASTER \u0111\u01b0\u1ee3c bi\u1ebft \u0111\u1ebfn l\u00e0 th\u01b0\u01a1ng hi\u1ec7u thi\u1ebft b\u1ecb nh\u00e0 b\u1ebfp \u0111\u1ed3ng b\u1ed9 s\u1ed1 1 Vi\u1ec7t Nam v\u1edbi \u0111a d\u1ea1ng c\u00e1c Thi\u1ebft b\u1ecb nh\u00e0 b\u1ebfp cao c\u1ea5p, sang tr\u1ecdng v\u00e0 th\u00f4ng minh. C\u00f3 m\u1eb7t t\u1ea1i th\u1ecb tr\u01b0\u1eddng Vi\u1ec7t Nam t\u1eeb n\u0103m 2007, \u0111\u1ebfn nay, th\u01b0\u01a1ng hi\u1ec7u Faster \u0111\u00e3 nhanh ch\u00f3ng tr\u1edf th\u00e0nh m\u1ed9t trong nh\u1eefng [&#8230;]\n","protected":false},"featured_media":2143,"comment_status":"open","ping_status":"closed","template":"","meta":[],"product_cat":[80,67],"product_tag":[],"_links":{"self":[{"href":"https:\/\/noithathomer.gleeze.com\/index.php?rest_route=\/wp\/v2\/product\/2142"}],"collection":[{"href":"https:\/\/noithathomer.gleeze.com\/index.php?rest_route=\/wp\/v2\/product"}],"about":[{"href":"https:\/\/noithathomer.gleeze.com\/index.php?rest_route=\/wp\/v2\/types\/product"}],"replies":[{"embeddable":true,"href":"https:\/\/noithathomer.gleeze.com\/index.php?rest_route=%2Fwp%2Fv2%2Fcomments&post=2142"}],"wp:featuredmedia":[{"embeddable":true,"href":"https:\/\/noithathomer.gleeze.com\/index.php?rest_route=\/wp\/v2\/media\/2143"}],"wp:attachment":[{"href":"https:\/\/noithathomer.gleeze.com\/index.php?rest_route=%2Fwp%2Fv2%2Fmedia&parent=2142"}],"wp:term":[{"taxonomy":"product_cat","embeddable":true,"href":"https:\/\/noithathomer.gleeze.com\/index.php?rest_route=%2Fwp%2Fv2%2Fproduct_cat&post=2142"},{"taxonomy":"product_tag","embeddable":true,"href":"https:\/\/noithathomer.gleeze.com\/index.php?rest_route=%2Fwp%2Fv2%2Fproduct_tag&post=2142"}],"curies":[{"name":"wp","href":"https:\/\/api.w.org\/{rel}","templated":true}]}}