{"id":2097,"date":"2023-01-09T14:47:40","date_gmt":"2023-01-09T07:47:40","guid":{"rendered":"https:\/\/noithathomer.com\/?post_type=product&#038;p=2097"},"modified":"2023-01-09T15:20:00","modified_gmt":"2023-01-09T08:20:00","slug":"chinh-hang-eurogold-gia-bat-dia-de-ban-eu04500","status":"publish","type":"product","link":"https:\/\/noithathomer.gleeze.com\/?product=chinh-hang-eurogold-gia-bat-dia-de-ban-eu04500","title":{"rendered":"[ CH\u00cdNH H\u00c3NG ] \u2013 Eurogold Gi\u00e1 B\u00e1t \u0111\u0129a \u0111\u1ec3 b\u00e0n EU04500"},"content":{"rendered":"<div>\u274e\u274eK\u1ec6 B\u00c1T \u0110\u0128A \u0110\u1ec2 B\u00c0N &#8211; TH\u01af\u01a0NG HI\u1ec6U EUROGOLD &#8211; EU04500<\/div>\n<div><img decoding=\"async\" loading=\"lazy\" class=\"alignnone size-full wp-image-2098\" src=\"https:\/\/noithathomer.gleeze.com\/wp-content\/uploads\/sg-11134201-22100-id8sc0woubjvd9_tn.jpg\" alt=\"\" width=\"320\" height=\"320\" srcset=\"https:\/\/noithathomer.gleeze.com\/wp-content\/uploads\/sg-11134201-22100-id8sc0woubjvd9_tn.jpg 320w, https:\/\/noithathomer.gleeze.com\/wp-content\/uploads\/sg-11134201-22100-id8sc0woubjvd9_tn-300x300.jpg 300w, https:\/\/noithathomer.gleeze.com\/wp-content\/uploads\/sg-11134201-22100-id8sc0woubjvd9_tn-100x100.jpg 100w\" sizes=\"(max-width: 320px) 100vw, 320px\" \/><\/div>\n<div>\u274c\u274e\u274eC\u1ea5u t\u1ea1o c\u1ef1c ch\u1eafc ch\u1eafn, \u0111\u1ed9 b\u1ec1n cao:<\/div>\n<div>\u274e\u0110\u01b0\u1ee3c l\u00e0m t\u1eeb ch\u1ea5t li\u1ec7u inox cao c\u1ea5p, ch\u1ed1ng g\u1ec9 t\u1ed1t d\u00f9 th\u01b0\u1eddng xuy\u00ean ti\u1ebfp x\u00fac tr\u1ef1c ti\u1ebfp v\u1edbi n\u01b0\u1edbc.<\/div>\n<div>\u274eC\u00f4ng ngh\u1ec7 s\u1ea3n xu\u1ea5t ch\u00e2u \u00c2u t\u1ec9 m\u1ec9 \u0111\u1ebfn t\u1eebng chi ti\u1ebft, t\u1eebng m\u00fai h\u00e0n gi\u00fap gi\u00e1 v\u1eefng ch\u00e3i, ch\u1eafc ch\u1eafn k\u1ec3 c\u1ea3 khi \u0111\u1ec3 nhi\u1ec1u \u0111\u1ed3 n\u1eb7ng c\u00f9ng l\u00fac.<\/div>\n<div>\u274eT\u1ed5ng h\u00f2a 2 y\u1ebfu t\u1ed1 tr\u00ean gi\u00fap gi\u00e1 c\u00f3 \u0111\u1ed9 b\u1ec1n cao, kh\u00f4ng lo h\u01b0 h\u1ecfng d\u00f9 s\u1eed d\u1ee5ng trong th\u1eddi gian d\u00e0i.<\/div>\n<div>\u274cK\u00cdCH TH\u01af\u1edaC : W470*D370*H445 MM<\/div>\n<div>\u274cCHI\u1ec0U R\u1ed8NG T\u1ee6 : 500 MM<\/div>\n<div>\u260e\ufe0f TH\u00d4NG TIN LI\u00caN H\u1ec6 : &#8211; \u0110\u1ecba ch\u1ec9 giao d\u1ecbch: P. 5A07, t\u00f2a A7 An B\u00ecnh city, 232 Ph\u1ea1m V\u0103n \u0110\u1ed3ng, B\u1eafc T\u1eeb Li\u00eam, H\u00e0 N\u1ed9i.<\/div>\n<div>\ud83d\udcde HOTLINE HOMER : 0869.287.259<\/div>\n<div>Website : noithathomer.gleeze.com\/thiet-ke-thi-cong<\/div>\n","protected":false},"excerpt":{"rendered":"<p>\u274e\u274eK\u1ec6 B\u00c1T \u0110\u0128A \u0110\u1ec2 B\u00c0N &#8211; TH\u01af\u01a0NG HI\u1ec6U EUROGOLD &#8211; EU04500 \u274c\u274e\u274eC\u1ea5u t\u1ea1o c\u1ef1c ch\u1eafc ch\u1eafn, \u0111\u1ed9 b\u1ec1n cao: \u274e\u0110\u01b0\u1ee3c l\u00e0m t\u1eeb ch\u1ea5t li\u1ec7u inox cao c\u1ea5p, ch\u1ed1ng g\u1ec9 t\u1ed1t d\u00f9 th\u01b0\u1eddng xuy\u00ean ti\u1ebfp x\u00fac tr\u1ef1c ti\u1ebfp v\u1edbi n\u01b0\u1edbc. \u274eC\u00f4ng ngh\u1ec7 s\u1ea3n xu\u1ea5t ch\u00e2u \u00c2u t\u1ec9 m\u1ec9 \u0111\u1ebfn t\u1eebng chi ti\u1ebft, t\u1eebng m\u00fai h\u00e0n gi\u00fap [&#8230;]\n","protected":false},"featured_media":2098,"comment_status":"open","ping_status":"closed","template":"","meta":[],"product_cat":[78,67],"product_tag":[],"_links":{"self":[{"href":"https:\/\/noithathomer.gleeze.com\/index.php?rest_route=\/wp\/v2\/product\/2097"}],"collection":[{"href":"https:\/\/noithathomer.gleeze.com\/index.php?rest_route=\/wp\/v2\/product"}],"about":[{"href":"https:\/\/noithathomer.gleeze.com\/index.php?rest_route=\/wp\/v2\/types\/product"}],"replies":[{"embeddable":true,"href":"https:\/\/noithathomer.gleeze.com\/index.php?rest_route=%2Fwp%2Fv2%2Fcomments&post=2097"}],"wp:featuredmedia":[{"embeddable":true,"href":"https:\/\/noithathomer.gleeze.com\/index.php?rest_route=\/wp\/v2\/media\/2098"}],"wp:attachment":[{"href":"https:\/\/noithathomer.gleeze.com\/index.php?rest_route=%2Fwp%2Fv2%2Fmedia&parent=2097"}],"wp:term":[{"taxonomy":"product_cat","embeddable":true,"href":"https:\/\/noithathomer.gleeze.com\/index.php?rest_route=%2Fwp%2Fv2%2Fproduct_cat&post=2097"},{"taxonomy":"product_tag","embeddable":true,"href":"https:\/\/noithathomer.gleeze.com\/index.php?rest_route=%2Fwp%2Fv2%2Fproduct_tag&post=2097"}],"curies":[{"name":"wp","href":"https:\/\/api.w.org\/{rel}","templated":true}]}}