{"id":2083,"date":"2023-01-09T10:39:05","date_gmt":"2023-01-09T03:39:05","guid":{"rendered":"https:\/\/noithathomer.com\/?post_type=product&#038;p=2083"},"modified":"2023-01-09T10:39:07","modified_gmt":"2023-01-09T03:39:07","slug":"chinh-hang-bep-tu-doi-faster-fs-812i","status":"publish","type":"product","link":"https:\/\/noithathomer.gleeze.com\/?product=chinh-hang-bep-tu-doi-faster-fs-812i","title":{"rendered":"[CH\u00cdNH H\u00c3NG] B\u1ebfp t\u1eeb \u0111\u00f4i FASTER FS 812I"},"content":{"rendered":"<div>B\u1ebfp t\u1eeb Faster FS 812I l\u00e0 m\u1eabu b\u1ebfp t\u1eeb \u0111\u00f4i m\u1edbi nh\u1ea5t c\u1ee7a Faster nh\u1eadp kh\u1ea9u nguy\u00ean chi\u1ebfc v\u1edbi thi\u1ebft k\u1ebf sang tr\u1ecdng. B\u1ea3ng \u0111i\u1ec1u khi\u1ec3n c\u1ea3m \u1ee9ng hi\u1ec7n \u0111\u1ea1i c\u00f9ng nhi\u1ec1u t\u00ednh n\u0103ng n\u1ea5u th\u00f4ng minh. C\u00f4ng ngh\u1ec7 bi\u1ebfn t\u1ea7n Inverter b\u1ec1n b\u1ec9, an to\u00e0n, ti\u1ebft ki\u1ec7m \u0111i\u1ec7n n\u0103ng.<\/div>\n<div><img decoding=\"async\" loading=\"lazy\" class=\"alignnone size-full wp-image-2084\" src=\"https:\/\/noithathomer.gleeze.com\/wp-content\/uploads\/853e446901c2f4cf5e854fd66eceae72_tn-5.jpg\" alt=\"\" width=\"320\" height=\"320\" srcset=\"https:\/\/noithathomer.gleeze.com\/wp-content\/uploads\/853e446901c2f4cf5e854fd66eceae72_tn-5.jpg 320w, https:\/\/noithathomer.gleeze.com\/wp-content\/uploads\/853e446901c2f4cf5e854fd66eceae72_tn-5-300x300.jpg 300w, https:\/\/noithathomer.gleeze.com\/wp-content\/uploads\/853e446901c2f4cf5e854fd66eceae72_tn-5-100x100.jpg 100w\" sizes=\"(max-width: 320px) 100vw, 320px\" \/> <img decoding=\"async\" loading=\"lazy\" class=\"alignnone size-medium wp-image-2085\" src=\"https:\/\/noithathomer.gleeze.com\/wp-content\/uploads\/3ee17093784df536d49af2a872a6ca51_tn.jpg\" alt=\"\" width=\"320\" height=\"320\" srcset=\"https:\/\/noithathomer.gleeze.com\/wp-content\/uploads\/3ee17093784df536d49af2a872a6ca51_tn.jpg 320w, https:\/\/noithathomer.gleeze.com\/wp-content\/uploads\/3ee17093784df536d49af2a872a6ca51_tn-300x300.jpg 300w, https:\/\/noithathomer.gleeze.com\/wp-content\/uploads\/3ee17093784df536d49af2a872a6ca51_tn-100x100.jpg 100w\" sizes=\"(max-width: 320px) 100vw, 320px\" \/> <img decoding=\"async\" loading=\"lazy\" class=\"alignnone size-medium wp-image-2086\" src=\"https:\/\/noithathomer.gleeze.com\/wp-content\/uploads\/9a7121a18057dc3bfa52c318b316e3e8_tn.jpg\" alt=\"\" width=\"320\" height=\"320\" srcset=\"https:\/\/noithathomer.gleeze.com\/wp-content\/uploads\/9a7121a18057dc3bfa52c318b316e3e8_tn.jpg 320w, https:\/\/noithathomer.gleeze.com\/wp-content\/uploads\/9a7121a18057dc3bfa52c318b316e3e8_tn-300x300.jpg 300w, https:\/\/noithathomer.gleeze.com\/wp-content\/uploads\/9a7121a18057dc3bfa52c318b316e3e8_tn-100x100.jpg 100w\" sizes=\"(max-width: 320px) 100vw, 320px\" \/><\/div>\n<div>**TH\u00d4NG S\u1ed0 CHI TI\u1ebeT S\u1ea2N PH\u1ea8M:<\/div>\n<div>&#8211; B\u1ebfp 02 l\u00f2: 02 l\u00f2 t\u1eeb, m\u1eb7t k\u00ednh Kanger nguy\u00ean kh\u1ed1i, \u0111\u01b0\u1eddng vi\u1ec1n \u0111\u01b0\u1ee3c v\u00e1t c\u1ea1nh tinh t\u1ebf<\/div>\n<div>&#8211; T\u00ednh n\u0103ng t\u1ea1m d\u1eebng, h\u00e2m n\u00f3ng, ch\u1ed1ng tr\u00e0n<\/div>\n<div>&#8211; Ti\u1ebft ki\u1ec7m 30% \u0111i\u1ec7n n\u0103ng ti\u00eau th\u1ee5<\/div>\n<div>&#8211; T\u1ed5ng c\u00f4ng su\u1ea5t: 4000W<\/div>\n<div>&#8211; L\u00f2 tr\u00e1i: 2000W booster 2300W<\/div>\n<div>&#8211; L\u00f2 ph\u1ea3i: 2000 booster 2300W<\/div>\n<div>&#8211; \u0110i\u1ec7n n\u0103ng s\u1eed d\u1ee5ng: 220-240V\/50Hz<\/div>\n<div>&#8211; KT m\u1eb7t k\u00ednh: 730x430mm<\/div>\n<div>&#8211; KT kho\u00e9t \u0111\u00e1: 680x380mm<\/div>\n<div><\/div>\n<div>Xu\u1ea5t x\u1ee9: Malaysia<\/div>\n<div>&#8212;&#8212;&#8212;&#8212;&#8212;&#8212;&#8212;&#8212;&#8212;&#8212;&#8212;&#8212;&#8212;&#8211;<\/div>\n<div>Hotline: 0869.287.259<\/div>\n<div>\u0110\u1ecba ch\u1ec9: An B\u00ecnh City, 232 Ph\u1ea1m V\u0103n \u0110\u1ed3ng, Q.B\u1eafc T\u1eeb Li\u00eam, H\u00e0 N\u1ed9i<\/div>\n","protected":false},"excerpt":{"rendered":"<p>B\u1ebfp t\u1eeb Faster FS 812I l\u00e0 m\u1eabu b\u1ebfp t\u1eeb \u0111\u00f4i m\u1edbi nh\u1ea5t c\u1ee7a Faster nh\u1eadp kh\u1ea9u nguy\u00ean chi\u1ebfc v\u1edbi thi\u1ebft k\u1ebf sang tr\u1ecdng. B\u1ea3ng \u0111i\u1ec1u khi\u1ec3n c\u1ea3m \u1ee9ng hi\u1ec7n \u0111\u1ea1i c\u00f9ng nhi\u1ec1u t\u00ednh n\u0103ng n\u1ea5u th\u00f4ng minh. C\u00f4ng ngh\u1ec7 bi\u1ebfn t\u1ea7n Inverter b\u1ec1n b\u1ec9, an to\u00e0n, ti\u1ebft ki\u1ec7m \u0111i\u1ec7n n\u0103ng. **TH\u00d4NG S\u1ed0 CHI TI\u1ebeT S\u1ea2N [&#8230;]\n","protected":false},"featured_media":2086,"comment_status":"open","ping_status":"closed","template":"","meta":[],"product_cat":[77,67],"product_tag":[],"_links":{"self":[{"href":"https:\/\/noithathomer.gleeze.com\/index.php?rest_route=\/wp\/v2\/product\/2083"}],"collection":[{"href":"https:\/\/noithathomer.gleeze.com\/index.php?rest_route=\/wp\/v2\/product"}],"about":[{"href":"https:\/\/noithathomer.gleeze.com\/index.php?rest_route=\/wp\/v2\/types\/product"}],"replies":[{"embeddable":true,"href":"https:\/\/noithathomer.gleeze.com\/index.php?rest_route=%2Fwp%2Fv2%2Fcomments&post=2083"}],"wp:featuredmedia":[{"embeddable":true,"href":"https:\/\/noithathomer.gleeze.com\/index.php?rest_route=\/wp\/v2\/media\/2086"}],"wp:attachment":[{"href":"https:\/\/noithathomer.gleeze.com\/index.php?rest_route=%2Fwp%2Fv2%2Fmedia&parent=2083"}],"wp:term":[{"taxonomy":"product_cat","embeddable":true,"href":"https:\/\/noithathomer.gleeze.com\/index.php?rest_route=%2Fwp%2Fv2%2Fproduct_cat&post=2083"},{"taxonomy":"product_tag","embeddable":true,"href":"https:\/\/noithathomer.gleeze.com\/index.php?rest_route=%2Fwp%2Fv2%2Fproduct_tag&post=2083"}],"curies":[{"name":"wp","href":"https:\/\/api.w.org\/{rel}","templated":true}]}}