{"id":1985,"date":"2023-01-06T11:45:33","date_gmt":"2023-01-06T04:45:33","guid":{"rendered":"https:\/\/noithathomer.com\/?post_type=product&#038;p=1985"},"modified":"2023-01-06T11:45:34","modified_gmt":"2023-01-06T04:45:34","slug":"chinh-hang-faster-chau-rua-fs-8143s","status":"publish","type":"product","link":"https:\/\/noithathomer.gleeze.com\/?product=chinh-hang-faster-chau-rua-fs-8143s","title":{"rendered":"[CH\u00cdNH H\u00c3NG] FASTER Ch\u1eadu r\u1eeda FS 8143S"},"content":{"rendered":"<div>\u00a0CH\u1eacU R\u1eecA FASTER FS-8143S | 2 H\u1ed0 L\u1ec6CH | THI\u1ebeT K\u1ebe SANG TR\u1eccNG | AN TO\u00c0N V\u00c0 B\u1ec0N B\u1ec8 KHI S\u1eec D\u1ee4NG<\/div>\n<div><img decoding=\"async\" loading=\"lazy\" class=\"alignnone size-full wp-image-1988\" src=\"https:\/\/noithathomer.gleeze.com\/wp-content\/uploads\/sg-11134201-22110-r8v76mote2jvbf_tn.jpg\" alt=\"\" width=\"320\" height=\"320\" srcset=\"https:\/\/noithathomer.gleeze.com\/wp-content\/uploads\/sg-11134201-22110-r8v76mote2jvbf_tn.jpg 320w, https:\/\/noithathomer.gleeze.com\/wp-content\/uploads\/sg-11134201-22110-r8v76mote2jvbf_tn-300x300.jpg 300w, https:\/\/noithathomer.gleeze.com\/wp-content\/uploads\/sg-11134201-22110-r8v76mote2jvbf_tn-100x100.jpg 100w\" sizes=\"(max-width: 320px) 100vw, 320px\" \/> <img decoding=\"async\" loading=\"lazy\" class=\"alignnone size-full wp-image-1987\" src=\"https:\/\/noithathomer.gleeze.com\/wp-content\/uploads\/sg-11134201-22110-g8wuvqoud2jv30_tn.jpg\" alt=\"\" width=\"320\" height=\"320\" srcset=\"https:\/\/noithathomer.gleeze.com\/wp-content\/uploads\/sg-11134201-22110-g8wuvqoud2jv30_tn.jpg 320w, https:\/\/noithathomer.gleeze.com\/wp-content\/uploads\/sg-11134201-22110-g8wuvqoud2jv30_tn-300x300.jpg 300w, https:\/\/noithathomer.gleeze.com\/wp-content\/uploads\/sg-11134201-22110-g8wuvqoud2jv30_tn-100x100.jpg 100w\" sizes=\"(max-width: 320px) 100vw, 320px\" \/> <img decoding=\"async\" loading=\"lazy\" class=\"alignnone size-full wp-image-1986\" src=\"https:\/\/noithathomer.gleeze.com\/wp-content\/uploads\/sg-11134201-22110-ay1ynpote2jv54_tn.jpg\" alt=\"\" width=\"320\" height=\"320\" srcset=\"https:\/\/noithathomer.gleeze.com\/wp-content\/uploads\/sg-11134201-22110-ay1ynpote2jv54_tn.jpg 320w, https:\/\/noithathomer.gleeze.com\/wp-content\/uploads\/sg-11134201-22110-ay1ynpote2jv54_tn-300x300.jpg 300w, https:\/\/noithathomer.gleeze.com\/wp-content\/uploads\/sg-11134201-22110-ay1ynpote2jv54_tn-100x100.jpg 100w\" sizes=\"(max-width: 320px) 100vw, 320px\" \/><\/div>\n<div><\/div>\n<div>Ch\u1eadu r\u1eeda Faster FS 8143S c\u00f3 \u0111\u1ed9 b\u1ec1n cao, ch\u1ed1ng b\u00e1m b\u1ea9n hi\u1ec7u qu\u1ea3 v\u00e0 d\u1ec5 v\u1ec7 sinh. Thi\u1ebft k\u1ebf khoa h\u1ecdc ch\u1ed1ng \u1ed3n hi\u1ec7u qu\u1ea3, r\u1ed5 l\u1ecdc r\u00e1c b\u1eb1ng inox ti\u1ec7n l\u1ee3i, b\u1ed9 x\u1ea3 th\u00f4ng minh ng\u0103n m\u00f9i hi\u1ec7u qu\u1ea3, l\u1edbp ch\u1ed1ng \u1ed3n v\u00e0 ng\u01b0ng t\u1ee5 n\u01b0\u1edbc \u0111\u00e1y ch\u1eadu.<\/div>\n<div><\/div>\n<div>R\u1ecf \u0111\u1ef1ng r\u00e1c l\u1eafp ngay gi\u1eefa l\u00f2ng ch\u1eadu, c\u00f3 t\u00e1c d\u1ee5ng ng\u0103n nh\u1eefng c\u1ecdng r\u00e1c l\u1edbn c\u00f3 kh\u1ea3 n\u0103ng g\u00e2y t\u1eafc \u0111\u01b0\u1eddng \u1ed1ng n\u01b0\u1edbc. Xi ph\u00f4ng r\u1ed9ng \u0111\u01b0\u1ee3c l\u00e0m t\u1eeb ch\u1ea5t li\u1ec7u nh\u1ef1a cao c\u1ea5p v\u00e0 b\u1ec1n n\u00ean ch\u1ed1ng ch\u1ecbu \u0111\u01b0\u1ee3c v\u1edbi \u0111\u01b0\u1eddng n\u01b0\u1edbc n\u00f3ng ho\u1eb7c d\u1ea7u m\u1ee1 h\u00e3y c\u00f2n \u0111ang s\u00f4i. B\u1ec1 m\u1eb7t lu\u00f4n nh\u1eb5n b\u00f3ng, d\u1ec5 d\u00e0ng v\u1ec7 sinh v\u00e0 lau ch\u00f9i, kh\u00f4ng b\u00e1m c\u1eb7n b\u1ea9n.<\/div>\n<div><\/div>\n<div>TH\u00d4NG S\u1ed0 K\u1ef8 THU\u1eacT<\/div>\n<div>Ch\u1eadu 2 h\u1ed1 l\u1ec7ch<\/div>\n<div>Ch\u1ea5t li\u1ec7u: Inox<\/div>\n<div>K\u00edch th\u01b0\u1edbc ch\u1eadu: R810 x S430 x C210 mm<\/div>\n<div>K\u00edch th\u01b0\u1edbc h\u1ed1 to: R385 x S350 x C210 mm<\/div>\n<div>K\u00edch th\u01b0\u1edbc h\u1ed1 b\u00e9: R330 x S310 x C210 mm<\/div>\n<div>K\u00edch th\u01b0\u1edbc kho\u00e9t \u0111\u00e1: R790 x S410 mm<\/div>\n<div><\/div>\n<div>&#8212;&#8212;&#8212;&#8212;&#8212;&#8212;&#8212;&#8212;&#8212;&#8212;&#8212;&#8212;&#8212;&#8211;<\/div>\n<div>Hotline: 0869.287.259<\/div>\n<div>\u0110\u1ecba ch\u1ec9: An B\u00ecnh City, 232 Ph\u1ea1m V\u0103n \u0110\u1ed3ng, Q.B\u1eafc T\u1eeb Li\u00eam, H\u00e0 N\u1ed9i<\/div>\n","protected":false},"excerpt":{"rendered":"<p>\u00a0CH\u1eacU R\u1eecA FASTER FS-8143S | 2 H\u1ed0 L\u1ec6CH | THI\u1ebeT K\u1ebe SANG TR\u1eccNG | AN TO\u00c0N V\u00c0 B\u1ec0N B\u1ec8 KHI S\u1eec D\u1ee4NG Ch\u1eadu r\u1eeda Faster FS 8143S c\u00f3 \u0111\u1ed9 b\u1ec1n cao, ch\u1ed1ng b\u00e1m b\u1ea9n hi\u1ec7u qu\u1ea3 v\u00e0 d\u1ec5 v\u1ec7 sinh. Thi\u1ebft k\u1ebf khoa h\u1ecdc ch\u1ed1ng \u1ed3n hi\u1ec7u qu\u1ea3, r\u1ed5 l\u1ecdc r\u00e1c b\u1eb1ng inox ti\u1ec7n l\u1ee3i, [&#8230;]\n","protected":false},"featured_media":1989,"comment_status":"open","ping_status":"closed","template":"","meta":[],"product_cat":[67,69],"product_tag":[],"_links":{"self":[{"href":"https:\/\/noithathomer.gleeze.com\/index.php?rest_route=\/wp\/v2\/product\/1985"}],"collection":[{"href":"https:\/\/noithathomer.gleeze.com\/index.php?rest_route=\/wp\/v2\/product"}],"about":[{"href":"https:\/\/noithathomer.gleeze.com\/index.php?rest_route=\/wp\/v2\/types\/product"}],"replies":[{"embeddable":true,"href":"https:\/\/noithathomer.gleeze.com\/index.php?rest_route=%2Fwp%2Fv2%2Fcomments&post=1985"}],"wp:featuredmedia":[{"embeddable":true,"href":"https:\/\/noithathomer.gleeze.com\/index.php?rest_route=\/wp\/v2\/media\/1989"}],"wp:attachment":[{"href":"https:\/\/noithathomer.gleeze.com\/index.php?rest_route=%2Fwp%2Fv2%2Fmedia&parent=1985"}],"wp:term":[{"taxonomy":"product_cat","embeddable":true,"href":"https:\/\/noithathomer.gleeze.com\/index.php?rest_route=%2Fwp%2Fv2%2Fproduct_cat&post=1985"},{"taxonomy":"product_tag","embeddable":true,"href":"https:\/\/noithathomer.gleeze.com\/index.php?rest_route=%2Fwp%2Fv2%2Fproduct_tag&post=1985"}],"curies":[{"name":"wp","href":"https:\/\/api.w.org\/{rel}","templated":true}]}}